{"id":629,"date":"2019-12-03T17:04:46","date_gmt":"2019-12-03T16:04:46","guid":{"rendered":"http:\/\/www.mezzoforte.fr\/?page_id=629"},"modified":"2020-01-29T14:41:50","modified_gmt":"2020-01-29T13:41:50","slug":"politique-de-confidentialite","status":"publish","type":"page","link":"https:\/\/www.mezzoforte.fr\/index.php\/politique-de-confidentialite\/","title":{"rendered":"Politique de confidentialit\u00e9"},"content":{"rendered":"<section  class='av_textblock_section av-k3q1o1dw-036bdbbc5c02ac9451b622a5c2836761 '   itemscope=\"itemscope\" itemtype=\"https:\/\/schema.org\/CreativeWork\" ><div class='avia_textblock'  itemprop=\"text\" ><h2>Conditions g\u00e9n\u00e9rales d\u2019utilisation du site et des services propos\u00e9s<\/h2>\n<div class=\"decal\">\n<p>L\u2019utilisation du site\u00a0<a href=\"http:\/\/www.mezzoforte.fr\">http:\/\/www.mezzoforte.fr<\/a> implique l\u2019acceptation pleine et enti\u00e8re des conditions g\u00e9n\u00e9rales d\u2019utilisation ci-apr\u00e8s d\u00e9crites. Ces conditions d\u2019utilisation sont susceptibles d\u2019\u00eatre modifi\u00e9es ou compl\u00e9t\u00e9es \u00e0 tout moment, les utilisateurs du site <a href=\"http:\/\/www.mezzoforte.fr\">http:\/\/www.mezzoforte.fr<\/a>\u00a0sont donc invit\u00e9s \u00e0 les consulter de mani\u00e8re r\u00e9guli\u00e8re.<\/p>\n<p>Ce site est normalement accessible \u00e0 tout moment aux utilisateurs. Une interruption pour raison de maintenance technique peut \u00eatre toutefois d\u00e9cid\u00e9e par MEZZOFORTE, qui s\u2019efforcera alors de communiquer pr\u00e9alablement aux utilisateurs les dates et heures de l\u2019intervention, et a minima laissera appara\u00eetre une page indiquant la maintenance du site.<\/p>\n<p>Le site site <a href=\"http:\/\/www.mezzoforte.fr\">http:\/\/www.mezzoforte.fr<\/a> est mis \u00e0 jour r\u00e9guli\u00e8rement par Dominique JORGE. De la m\u00eame fa\u00e7on, les mentions l\u00e9gales peuvent \u00eatre modifi\u00e9es \u00e0 tout moment : elles s\u2019imposent n\u00e9anmoins \u00e0 l\u2019utilisateur qui est invit\u00e9 \u00e0 s\u2019y r\u00e9f\u00e9rer le plus souvent possible afin d\u2019en prendre connaissance.<\/p>\n<h2><span style=\"font-size: 28px; font-weight: 600;\">Description des services fournis<\/span><\/h2>\n<\/div>\n<div class=\"decal\">\n<p>Le site <a href=\"http:\/\/www.mezzoforte.fr\">http:\/\/www.mezzoforte.fr<\/a> a pour objet de fournir une information concernant l\u2019ensemble des activit\u00e9s de la soci\u00e9t\u00e9 MEZZOFORTE.<\/p>\n<p>MEZZOFORTE s\u2019efforce de fournir sur le site <a href=\"http:\/\/www.mezzoforte.fr\">http:\/\/www.mezzoforte.fr<\/a>\u00a0des informations aussi pr\u00e9cises que possible. Toutefois, elle ne pourra \u00eatre tenue responsable des omissions, des inexactitudes et des carences dans la mise \u00e0 jour, qu\u2019elles soient de son fait ou du fait des tiers partenaires qui lui fournissent ces informations.<\/p>\n<p>Toutes les informations indiqu\u00e9es sur le site <a href=\"http:\/\/www.mezzoforte.fr\">http:\/\/www.mezzoforte.fr<\/a> sont donn\u00e9es \u00e0 titre indicatif, et sont susceptibles d\u2019\u00e9voluer. Par ailleurs, les renseignements figurant sur le site <a href=\"http:\/\/www.mezzoforte.fr\">http:\/\/www.mezzoforte.fr<\/a> ne sont pas exhaustifs. Ils sont donn\u00e9s sous r\u00e9serve de modifications ayant \u00e9t\u00e9 apport\u00e9es depuis leur mise en ligne.<\/p>\n<h2>Liens hypertexte et cookies<\/h2>\n<\/div>\n<div class=\"decal\">\n<p>Le site <a href=\"http:\/\/www.mezzoforte.fr\">http:\/\/www.mezzoforte.fr<\/a> peut contenir un certain nombre de liens hypertextes vers d\u2019autres sites, mis en place avec l\u2019autorisation de MEZZOFORTE. Cependant, MEZZOFORTE n\u2019a pas la possibilit\u00e9 de v\u00e9rifier en permanence le contenu des sites ainsi visit\u00e9s, et n\u2019assumera en cons\u00e9quence aucune responsabilit\u00e9 de ce fait.<\/p>\n<p>La navigation sur le site <a href=\"http:\/\/www.mezzoforte.fr\">http:\/\/www.mezzoforte.fr<\/a>\u00a0 ne provoque de la part de MEZZOFORTE aucune installation de cookie sur l\u2019ordinateur de l\u2019utilisateur.<\/p>\n<p><strong>Statistiques et mesures d\u2019audience<\/strong><\/p>\n<p>En revanche, et \u00e0 des fins statistiques et de mesure d&rsquo;audience, des donn\u00e9es sont collect\u00e9es par l\u2019interm\u00e9diaire de Jetpack (de WordPress).<br \/>\nVous trouverez leur politique de confidentialit\u00e9 en suivant ce lien : <a href=\"https:\/\/fr.wordpress.com\/tos\/\" target=\"_blank\" rel=\"noopener noreferrer\">https:\/\/fr.wordpress.com\/tos\/<\/a><\/p>\n<p><strong>Contenu embarqu\u00e9 depuis d\u2019autres sites<\/strong><\/p>\n<p>Les articles de ce site peuvent inclure des contenus int\u00e9gr\u00e9s (par exemple des vid\u00e9os, images, articles\u2026). Le contenu int\u00e9gr\u00e9 depuis d\u2019autres sites se comporte de la m\u00eame mani\u00e8re que si le visiteur se rendait sur cet autre site.<br \/>\nCes sites web pourraient collecter des donn\u00e9es sur vous, utiliser des cookies, embarquer des outils de suivis tiers, suivre vos interactions avec ces contenus embarqu\u00e9s si vous disposez d\u2019un compte connect\u00e9 sur leur site web.<\/p>\n<h2><span style=\"font-size: 28px; font-weight: 600;\">Propri\u00e9t\u00e9 intellectuelle et contrefa\u00e7ons<\/span><\/h2>\n<\/div>\n<div class=\"decal\">\n<p>MEZZOFORTE est propri\u00e9taire des droits de propri\u00e9t\u00e9 intellectuelle ou d\u00e9tient les droits d\u2019usage sur tous les \u00e9l\u00e9ments accessibles sur le site, notamment les textes, images, graphismes, logo, ic\u00f4nes, sons, logiciels.<br \/>\nSinon MEZZOFORTE a fait en sorte de n&rsquo;utiliser que des m\u00e9dias libres de droits.<br \/>\nDans tous les cas, cette information figure sur les supports concern\u00e9s et reste directement accessible par le petit \u00ab\u00a0i\u00a0\u00bb en bas des images par exemple.<\/p>\n<p>Toute reproduction, repr\u00e9sentation, modification, publication, adaptation de tout ou partie des \u00e9l\u00e9ments du site, quel que soit le moyen ou le proc\u00e9d\u00e9 utilis\u00e9, est interdite, sauf autorisation \u00e9crite pr\u00e9alable de MEZZOFORTE.<\/p>\n<p>Toute exploitation non autoris\u00e9e du site ou de l\u2019un quelconque des \u00e9l\u00e9ments qu\u2019il contient sera consid\u00e9r\u00e9e comme constitutive d\u2019une contrefa\u00e7on et poursuivie conform\u00e9ment aux dispositions des articles L.335-2 et suivants du Code de Propri\u00e9t\u00e9 Intellectuelle.<\/p>\n<h2><span style=\"font-size: 28px; font-weight: 600;\">Protection de biens et des personnes \u2013 Gestion des donn\u00e9es personnelles<\/span><\/h2>\n<p>En France, les donn\u00e9es personnelles sont notamment prot\u00e9g\u00e9es par la loi n\u00b0 78-87 du 6 janvier 1978, la loi n\u00b0 2004-801 du 6 ao\u00fbt 2004, l\u2019article L. 226-13 du Code p\u00e9nal et la Directive Europ\u00e9enne du 24 octobre 1995.<\/p>\n<p>Le site n\u2019est pas d\u00e9clar\u00e9 \u00e0 la CNIL car il ne stocke aucune information personnelle sur aucun fichier<\/p>\n<h2>Limitations de responsabilit\u00e9<\/h2>\n<\/div>\n<div class=\"decal\">\n<p>MEZZOFORTE ne pourra \u00eatre tenue responsable des dommages directs et indirects caus\u00e9s au mat\u00e9riel de l\u2019utilisateur, lors de l\u2019acc\u00e8s au site <a href=\"http:\/\/www.mezzoforte.fr\">http:\/\/www.mezzoforte.fr<\/a>, et r\u00e9sultant soit de l\u2019utilisation d\u2019un mat\u00e9riel ne r\u00e9pondant pas aux sp\u00e9cifications indiqu\u00e9es dans le chapitre \u00ab\u00a0Recommandations Techniques\u00a0\u00bb, soit de l\u2019apparition d\u2019un bug ou d\u2019une incompatibilit\u00e9.<\/p>\n<p>MEZZOFORTE ne pourra \u00e9galement \u00eatre tenue responsable des dommages indirects (tels par exemple qu\u2019une perte de march\u00e9) cons\u00e9cutifs \u00e0 l\u2019utilisation du site <a href=\"http:\/\/www.mezzoforte.fr\">http:\/\/www.mezzoforte.fr<\/a>.<\/p>\n<p>MEZZOFORTE ne saurait \u00eatre tenu responsable des erreurs mat\u00e9rielles qui se seraient \u00e9ventuellement gliss\u00e9es dans les documents pr\u00e9sents sur le site, malgr\u00e9 le soin apport\u00e9 \u00e0 leur publication.<\/p>\n<h2>Recommandations techniques<\/h2>\n<\/div>\n<p>L\u2019utilisateur du site s\u2019engage \u00e0 acc\u00e9der au site en utilisant un mat\u00e9riel r\u00e9cent, ne contenant pas de virus et avec un navigateur de derni\u00e8re g\u00e9n\u00e9ration mis-\u00e0-jour. A cet \u00e9gard, et pour un meilleur confort d\u2019utilisation et un graphisme plus agr\u00e9able, nous vous recommandons de recourir \u00e0 des navigateurs modernes comme Google Chrome, Internet Explorer, Safari, Firefox, etc\u2026<\/p>\n<div class=\"decal\">\n<p>Le site <a href=\"http:\/\/www.mezzoforte.fr\">http:\/\/www.mezzoforte.fr<\/a> est responsive design, c\u2019est \u00e0 dire qu\u2019\u00e0 ce titre il est transposable sur les \u00e9crans portables (t\u00e9l\u00e9phones et tablettes). Cependant, ce service \u00e9tant automatique, nous ne pouvons garantir \u00e0 100% la coh\u00e9rence de l\u2019affichage sur les appareils mobiles.<\/p>\n<p>Si vous d\u00e9tectez un probl\u00e8me, vous pouvez nous en informer par mail \u00e0 l&rsquo;adresse : contact@mezzoforte.fr<\/p>\n<h2><span style=\"font-size: 28px; font-weight: 600;\">Droit applicable et attribution de juridiction<\/span><\/h2>\n<\/div>\n<div class=\"decal\">\n<p>Tout litige en relation avec l\u2019utilisation du site <a href=\"http:\/\/www.mezzoforte.fr\">http:\/\/www.mezzoforte.fr<\/a>\u00a0est soumis au droit fran\u00e7ais. Il est fait attribution exclusive de juridiction aux tribunaux comp\u00e9tents dont le si\u00e8ge social d\u00e9pend.<\/p>\n<\/div>\n<\/div><\/section>\n","protected":false},"excerpt":{"rendered":"","protected":false},"author":1,"featured_media":0,"parent":0,"menu_order":0,"comment_status":"closed","ping_status":"open","template":"","meta":{"footnotes":""},"class_list":["post-629","page","type-page","status-publish","hentry"],"_links":{"self":[{"href":"https:\/\/www.mezzoforte.fr\/index.php\/wp-json\/wp\/v2\/pages\/629","targetHints":{"allow":["GET"]}}],"collection":[{"href":"https:\/\/www.mezzoforte.fr\/index.php\/wp-json\/wp\/v2\/pages"}],"about":[{"href":"https:\/\/www.mezzoforte.fr\/index.php\/wp-json\/wp\/v2\/types\/page"}],"author":[{"embeddable":true,"href":"https:\/\/www.mezzoforte.fr\/index.php\/wp-json\/wp\/v2\/users\/1"}],"replies":[{"embeddable":true,"href":"https:\/\/www.mezzoforte.fr\/index.php\/wp-json\/wp\/v2\/comments?post=629"}],"version-history":[{"count":7,"href":"https:\/\/www.mezzoforte.fr\/index.php\/wp-json\/wp\/v2\/pages\/629\/revisions"}],"predecessor-version":[{"id":1525,"href":"https:\/\/www.mezzoforte.fr\/index.php\/wp-json\/wp\/v2\/pages\/629\/revisions\/1525"}],"wp:attachment":[{"href":"https:\/\/www.mezzoforte.fr\/index.php\/wp-json\/wp\/v2\/media?parent=629"}],"curies":[{"name":"wp","href":"https:\/\/api.w.org\/{rel}","templated":true}]}}