{"id":598,"date":"2019-10-21T18:29:48","date_gmt":"2019-10-21T16:29:48","guid":{"rendered":"http:\/\/www.mezzoforte.fr\/?page_id=598"},"modified":"2020-01-22T19:20:46","modified_gmt":"2020-01-22T18:20:46","slug":"evenement-collectivites","status":"publish","type":"page","link":"https:\/\/www.mezzoforte.fr\/index.php\/collectivites\/evenement-collectivites\/","title":{"rendered":"Un concert dans votre salle des f\u00eates"},"content":{"rendered":"<div  class='avia-slideshow av-42uqmy-ce58c396fc7666e849ebfa5c016a06e3 avia-slideshow-featured_large av_slideshow avia-fade-slider  avia-builder-el-0  el_before_av_one_full  avia-builder-el-first  av-slideshow-ui av-control-hidden av-no-slider-navigation av-hide-nav-arrows av-slideshow-autoplay av-loop-endless av-loop-manual-endless av-default-height-applied avia-slideshow-1' data-slideshow-options=\"{&quot;animation&quot;:&quot;fade&quot;,&quot;autoplay&quot;:true,&quot;loop_autoplay&quot;:&quot;endless&quot;,&quot;interval&quot;:3,&quot;loop_manual&quot;:&quot;manual-endless&quot;,&quot;autoplay_stopper&quot;:false,&quot;noNavigation&quot;:true,&quot;bg_slider&quot;:false,&quot;keep_padding&quot;:false,&quot;hoverpause&quot;:false,&quot;show_slide_delay&quot;:0}\"  itemprop=\"image\" itemscope=\"itemscope\" itemtype=\"https:\/\/schema.org\/ImageObject\" ><ul class='avia-slideshow-inner ' style='padding-bottom: 41.933333333333%;'><li  class='avia-slideshow-slide av-42uqmy-ce58c396fc7666e849ebfa5c016a06e3__0  slide-1 slide-odd'><div data-rel='slideshow-1' class='avia-slide-wrap '   ><img fetchpriority=\"high\" class=\"wp-image-848 avia-img-lazy-loading-not-848\"  src='https:\/\/www.mezzoforte.fr\/wp-content\/uploads\/2019\/11\/Mini-concert.jpg' width='1500' height='629' title='' alt=''  itemprop=\"thumbnailUrl\"   \/><\/div><\/li><li  class='avia-slideshow-slide av-42uqmy-ce58c396fc7666e849ebfa5c016a06e3__1  slide-2 slide-even'><div data-rel='slideshow-1' class='avia-slide-wrap '   ><img fetchpriority=\"high\" class=\"wp-image-849 avia-img-lazy-loading-not-849\"  src='https:\/\/www.mezzoforte.fr\/wp-content\/uploads\/2019\/11\/Piano.jpg' width='1500' height='630' title='' alt=''  itemprop=\"thumbnailUrl\"   \/><\/div><\/li><li  class='avia-slideshow-slide av-42uqmy-ce58c396fc7666e849ebfa5c016a06e3__2  slide-3 slide-odd'><div data-rel='slideshow-1' class='avia-slide-wrap '   ><img fetchpriority=\"high\" class=\"wp-image-851 avia-img-lazy-loading-not-851\"  src='https:\/\/www.mezzoforte.fr\/wp-content\/uploads\/2019\/11\/Salle.jpg' width='1491' height='630' title='' alt=''  itemprop=\"thumbnailUrl\"   \/><\/div><\/li><\/ul><div class='avia-slideshow-arrows avia-slideshow-controls' ><a href='#prev' class='prev-slide ' aria-hidden='true' data-av_icon='\ue87c' data-av_iconfont='entypo-fontello'  tabindex='-1'>Pr\u00e9c\u00e9dent<\/a><a href='#next' class='next-slide ' aria-hidden='true' data-av_icon='\ue87d' data-av_iconfont='entypo-fontello'  tabindex='-1'>Suivant<\/a><\/div><\/div>\n\n<style type=\"text\/css\" data-created_by=\"avia_inline_auto\" id=\"style-css-av-3ch9b6-b1ef9fa14bea693fc15af83b40615d6b\">\n#top .flex_column.av-3ch9b6-b1ef9fa14bea693fc15af83b40615d6b{\nmargin-top:0px;\nmargin-bottom:0px;\n}\n.flex_column.av-3ch9b6-b1ef9fa14bea693fc15af83b40615d6b{\nborder-radius:0px 0px 0px 0px;\npadding:0px 0px 0px 0px;\n}\n.responsive #top #wrap_all .flex_column.av-3ch9b6-b1ef9fa14bea693fc15af83b40615d6b{\nmargin-top:0px;\nmargin-bottom:0px;\n}\n<\/style>\n<div  class='flex_column av-3ch9b6-b1ef9fa14bea693fc15af83b40615d6b av_one_full  avia-builder-el-1  el_after_av_slideshow  el_before_av_one_half  first flex_column_div av-animated-generic bottom-to-top av-zero-column-padding  '     ><p>\n<style type=\"text\/css\" data-created_by=\"avia_inline_auto\" id=\"style-css-av-10njjq-7182449575d97c0713bb15ef3647c224\">\n#top .av-special-heading.av-10njjq-7182449575d97c0713bb15ef3647c224{\npadding-bottom:0;\n}\nbody .av-special-heading.av-10njjq-7182449575d97c0713bb15ef3647c224 .av-special-heading-tag .heading-char{\nfont-size:25px;\n}\n.av-special-heading.av-10njjq-7182449575d97c0713bb15ef3647c224 .av-subheading{\nfont-size:15px;\n}\n<\/style>\n<div  class='av-special-heading av-10njjq-7182449575d97c0713bb15ef3647c224 av-special-heading-h2 blockquote modern-quote  avia-builder-el-2  el_before_av_hr  avia-builder-el-first '><h2 class='av-special-heading-tag '  itemprop=\"headline\"  >Un concert dans votre commune<\/h2><div class=\"special-heading-border\"><div class=\"special-heading-inner-border\"><\/div><\/div><\/div><br \/>\n\n<style type=\"text\/css\" data-created_by=\"avia_inline_auto\" id=\"style-css-av-33w2wq-976726c1826f0896560fc0e45a2dbc15\">\n#top .hr.av-33w2wq-976726c1826f0896560fc0e45a2dbc15{\nmargin-top:10px;\nmargin-bottom:10px;\n}\n.hr.av-33w2wq-976726c1826f0896560fc0e45a2dbc15 .hr-inner{\nwidth:50px;\nborder-color:#efbb20;\n}\n<\/style>\n<div  class='hr av-33w2wq-976726c1826f0896560fc0e45a2dbc15 hr-custom  avia-builder-el-3  el_after_av_heading  avia-builder-el-last  hr-left hr-icon-no'><span class='hr-inner inner-border-av-border-fat'><span class=\"hr-inner-style\"><\/span><\/span><\/div><\/p><\/div>\n\n<style type=\"text\/css\" data-created_by=\"avia_inline_auto\" id=\"style-css-av-2mp2yi-5d5c126c2a2fe39ee3693165893102ba\">\n.flex_column.av-2mp2yi-5d5c126c2a2fe39ee3693165893102ba{\nborder-radius:0px 0px 0px 0px;\npadding:0px 0px 0px 0px;\n}\n<\/style>\n<div  class='flex_column av-2mp2yi-5d5c126c2a2fe39ee3693165893102ba av_one_half  avia-builder-el-4  el_after_av_one_full  el_before_av_one_half  first flex_column_div av-animated-generic bottom-to-top av-zero-column-padding  column-top-margin'     ><p><section  class='av_textblock_section av-2h7m5u-009dcbcb45d3bc438b8df2ca465a5616 '   itemscope=\"itemscope\" itemtype=\"https:\/\/schema.org\/CreativeWork\" ><div class='avia_textblock'  itemprop=\"text\" ><p><strong>60 MINUTES DE CONCERT LIVE !<\/strong><\/p>\n<\/div><\/section><br \/>\n<article  class='iconbox iconbox_left av-k53055fj-ad82b0fe9830b3fa53fca93dc37dcf3e  avia-builder-el-6  el_after_av_textblock  el_before_av_icon_box '  itemscope=\"itemscope\" itemtype=\"https:\/\/schema.org\/CreativeWork\" ><div class=\"iconbox_content\"><header class=\"entry-content-header\" aria-label=\"Icon: \"><div class=\"iconbox_icon heading-color\" aria-hidden='true' data-av_icon='\ue802' data-av_iconfont='entypo-fontello'><\/div><\/header><div class='iconbox_content_container '  itemprop=\"text\" ><p>Offrez \u00e0 vos \u00e9v\u00e9nements municipaux une ampleur suppl\u00e9mentaire et rendez les m\u00e9morables<\/p>\n<\/div><\/div><footer class=\"entry-footer\"><\/footer><\/article><br \/>\n<article  class='iconbox iconbox_left av-k53055fj-ad82b0fe9830b3fa53fca93dc37dcf3e  avia-builder-el-7  el_after_av_icon_box  el_before_av_icon_box '  itemscope=\"itemscope\" itemtype=\"https:\/\/schema.org\/CreativeWork\" ><div class=\"iconbox_content\"><header class=\"entry-content-header\" aria-label=\"Icon: \"><div class=\"iconbox_icon heading-color\" aria-hidden='true' data-av_icon='\ue802' data-av_iconfont='entypo-fontello'><\/div><\/header><div class='iconbox_content_container '  itemprop=\"text\" ><p>Surprenez les habitants de votre commune en organisant un concert en dehors de toute occasion<\/p>\n<\/div><\/div><footer class=\"entry-footer\"><\/footer><\/article><br \/>\n<article  class='iconbox iconbox_left av-k53055fj-ad82b0fe9830b3fa53fca93dc37dcf3e  avia-builder-el-8  el_after_av_icon_box  avia-builder-el-last '  itemscope=\"itemscope\" itemtype=\"https:\/\/schema.org\/CreativeWork\" ><div class=\"iconbox_content\"><header class=\"entry-content-header\" aria-label=\"Icon: \"><div class=\"iconbox_icon heading-color\" aria-hidden='true' data-av_icon='\ue802' data-av_iconfont='entypo-fontello'><\/div><\/header><div class='iconbox_content_container '  itemprop=\"text\" ><p>R\u00e9unissez les jeunes et les moins jeunes autour d&rsquo;un concept musical transg\u00e9n\u00e9rationnel<\/p>\n<\/div><\/div><footer class=\"entry-footer\"><\/footer><\/article><\/p><\/div>\n\n<style type=\"text\/css\" data-created_by=\"avia_inline_auto\" id=\"style-css-av-2vtygq-4fbd6a759f43cf89cba24e7108b53fcd\">\n.flex_column.av-2vtygq-4fbd6a759f43cf89cba24e7108b53fcd{\nborder-radius:0px 0px 0px 0px;\npadding:0px 0px 0px 0px;\n}\n<\/style>\n<div  class='flex_column av-2vtygq-4fbd6a759f43cf89cba24e7108b53fcd av_one_half  avia-builder-el-9  el_after_av_one_half  el_before_av_one_half  flex_column_div av-animated-generic bottom-to-top av-zero-column-padding  column-top-margin'     ><section  class='av_textblock_section av-2s52ii-be9e5413674c1133b1e44005b66d7b44 '   itemscope=\"itemscope\" itemtype=\"https:\/\/schema.org\/CreativeWork\" ><div class='avia_textblock'  itemprop=\"text\" ><p><strong>POUR QUELLES OCCASIONS ?<\/strong><\/p>\n<ul>\n<li>f\u00eate communale : 14 juillet, Halloween, voeux, &#8230;<\/li>\n<li>inauguration<\/li>\n<li>en marge d&rsquo;un \u00e9v\u00e9nement culturel : exposition, th\u00e9\u00e2tre, &#8230;<\/li>\n<li>mini festival<\/li>\n<li>en partenariat avec un village voisin<\/li>\n<li>etc&#8230;<\/li>\n<\/ul>\n<\/div><\/section><\/div>\n\n<style type=\"text\/css\" data-created_by=\"avia_inline_auto\" id=\"style-css-av-1foll6-d4283776639c6198f054933366483892\">\n.flex_column.av-1foll6-d4283776639c6198f054933366483892{\nborder-radius:0px 0px 0px 0px;\npadding:0px 0px 0px 0px;\n}\n<\/style>\n<div  class='flex_column av-1foll6-d4283776639c6198f054933366483892 av_one_half  avia-builder-el-11  el_after_av_one_half  el_before_av_one_half  first flex_column_div av-animated-generic bottom-to-top av-zero-column-padding  column-top-margin'     ><p>\n<style type=\"text\/css\" data-created_by=\"avia_inline_auto\" id=\"style-css-av-k52z7ycx-35ce185a83c13048bbff2d8b1158551a\">\n#top .av-special-heading.av-k52z7ycx-35ce185a83c13048bbff2d8b1158551a{\npadding-bottom:0;\n}\nbody .av-special-heading.av-k52z7ycx-35ce185a83c13048bbff2d8b1158551a .av-special-heading-tag .heading-char{\nfont-size:25px;\n}\n.av-special-heading.av-k52z7ycx-35ce185a83c13048bbff2d8b1158551a .av-subheading{\nfont-size:15px;\n}\n<\/style>\n<div  class='av-special-heading av-k52z7ycx-35ce185a83c13048bbff2d8b1158551a av-special-heading-h2 blockquote modern-quote  avia-builder-el-12  el_before_av_hr  avia-builder-el-first '><h2 class='av-special-heading-tag '  itemprop=\"headline\"  >Pour toutes les g\u00e9n\u00e9rations<\/h2><div class=\"special-heading-border\"><div class=\"special-heading-inner-border\"><\/div><\/div><\/div><br \/>\n\n<style type=\"text\/css\" data-created_by=\"avia_inline_auto\" id=\"style-css-av-11tr96-216d471bc9f0d9a9177fc51142e52d23\">\n#top .hr.av-11tr96-216d471bc9f0d9a9177fc51142e52d23{\nmargin-top:10px;\nmargin-bottom:10px;\n}\n.hr.av-11tr96-216d471bc9f0d9a9177fc51142e52d23 .hr-inner{\nwidth:50px;\nborder-color:#efbb20;\n}\n<\/style>\n<div  class='hr av-11tr96-216d471bc9f0d9a9177fc51142e52d23 hr-custom  avia-builder-el-13  el_after_av_heading  el_before_av_textblock  hr-left hr-icon-no'><span class='hr-inner inner-border-av-border-fat'><span class=\"hr-inner-style\"><\/span><\/span><\/div><br \/>\n<section  class='av_textblock_section av-v7coy-ed9fed62530caf5ee52b9042956a0429 '   itemscope=\"itemscope\" itemtype=\"https:\/\/schema.org\/CreativeWork\" ><div class='avia_textblock'  itemprop=\"text\" ><p>Tout en \u00e9tant totalement actuelle, la musique propos\u00e9e reste accessible \u00e0 toutes les oreilles, des plus jeunes aux plus \u00e2g\u00e9s, des moins m\u00e9lomanes aux plus exigeants.<\/p>\n<p>V\u00e9ritablement dans l&rsquo;air du temps, les morceaux \u00e9lectro s&rsquo;articulent autour de gros sons modernes, mais les morceaux souvent entra\u00eenants peuvent aussi se faire plus contemplatifs&#8230; Chacun y trouvera son compte.<\/p>\n<\/div><\/section><\/p><\/div>\n\n<style type=\"text\/css\" data-created_by=\"avia_inline_auto\" id=\"style-css-av-tf7a2-880aa44d91284ae2e65be7cdcec831f4\">\n.flex_column.av-tf7a2-880aa44d91284ae2e65be7cdcec831f4{\nborder-radius:0px 0px 0px 0px;\npadding:0px 0px 0px 0px;\n}\n<\/style>\n<div  class='flex_column av-tf7a2-880aa44d91284ae2e65be7cdcec831f4 av_one_half  avia-builder-el-15  el_after_av_one_half  el_before_av_one_full  flex_column_div av-animated-generic bottom-to-top av-zero-column-padding  column-top-margin'     ><style type=\"text\/css\" data-created_by=\"avia_inline_auto\" id=\"style-css-av-jn77m-ae1e6e5e830b42baedf22767f3a7939f\">\n.avia-image-container.av-jn77m-ae1e6e5e830b42baedf22767f3a7939f img.avia_image{\nbox-shadow:none;\n}\n.avia-image-container.av-jn77m-ae1e6e5e830b42baedf22767f3a7939f .av-image-caption-overlay-center{\ncolor:#ffffff;\n}\n<\/style>\n<div  class='avia-image-container av-jn77m-ae1e6e5e830b42baedf22767f3a7939f av-styling-circle avia-align-center  avia-builder-el-16  avia-builder-el-no-sibling '   itemprop=\"image\" itemscope=\"itemscope\" itemtype=\"https:\/\/schema.org\/ImageObject\" ><div class=\"avia-image-container-inner\"><div class=\"avia-image-overlay-wrap\"><img fetchpriority=\"high\" class='wp-image-979 avia-img-lazy-loading-not-979 avia_image ' src='https:\/\/www.mezzoforte.fr\/wp-content\/uploads\/2019\/12\/Claviers-Licence-CC0-domaine-public-2.jpg' alt='' title=''  height=\"1000\" width=\"1500\"  itemprop=\"thumbnailUrl\"  \/><\/div><\/div><\/div><\/div>\n\n<style type=\"text\/css\" data-created_by=\"avia_inline_auto\" id=\"style-css-av-fy9pu-7aa27ea6b16a5e7104b7deb07addda18\">\n.flex_column.av-fy9pu-7aa27ea6b16a5e7104b7deb07addda18{\nborder-width:1px;\nborder-color:#e1e1e1;\nborder-style:solid;\nborder-radius:0px 0px 0px 0px;\npadding:20px 20px 20px 20px;\nbackground-color:#fcfcfc;\n}\n<\/style>\n<div  class='flex_column av-fy9pu-7aa27ea6b16a5e7104b7deb07addda18 av_one_full  avia-builder-el-17  el_after_av_one_half  el_before_av_one_full  first flex_column_div av-animated-generic bottom-to-top  column-top-margin'     ><section  class='av_textblock_section av-agfsy-e3addfbdb1f35a2374d74510ba64a6e0 '   itemscope=\"itemscope\" itemtype=\"https:\/\/schema.org\/CreativeWork\" ><div class='avia_textblock'  itemprop=\"text\" ><p><b>&#8230; ET TR\u00c8S PEU DE CONTRAINTES<\/b><\/p>\n<p>> avec ou sans sc\u00e8ne<br \/>\n> techniquement autonome (nous n&rsquo;avons besoin que de deux prises de courant)<br \/>\n> en ext\u00e9rieur, une protection contre les intemp\u00e9ries est rendue n\u00e9cessaire<br \/>\n> concert diurne ou nocture<\/p>\n<\/div><\/section><\/div>\n\n<style type=\"text\/css\" data-created_by=\"avia_inline_auto\" id=\"style-css-av-yad6u-358be6d1ee4beaa29a4468698a3fff55\">\n.flex_column.av-yad6u-358be6d1ee4beaa29a4468698a3fff55{\nborder-radius:0px 0px 0px 0px;\npadding:0px 0px 0px 0px;\n}\n<\/style>\n<div  class='flex_column av-yad6u-358be6d1ee4beaa29a4468698a3fff55 av_one_full  avia-builder-el-19  el_after_av_one_full  avia-builder-el-last  first flex_column_div av-zero-column-padding  column-top-margin'     ><p><section  class='av_textblock_section av-k530sgjx-0d13d426ac5085318981e6e82a2a6d9c '   itemscope=\"itemscope\" itemtype=\"https:\/\/schema.org\/CreativeWork\" ><div class='avia_textblock'  itemprop=\"text\" ><p>Voici quelques <strong>extraits<\/strong> proposant diff\u00e9rentes ambiances afin de vous permettre de tendre une oreille vers notre production electro&#8230;<\/p>\n<\/div><\/section><br \/>\n\n<style type=\"text\/css\" data-created_by=\"avia_inline_auto\" id=\"style-css-av-k530l9y3-8df6d991d87631631f802a923cd985e0\">\n.av-player.av-k530l9y3-8df6d991d87631631f802a923cd985e0{\ncolor:#512179;\nbackground-color:rgba(124,124,124,0.27);\n}\n<\/style>\n<div id=\"av_player-1\" class=\"av-player av-player-container av-k530l9y3-8df6d991d87631631f802a923cd985e0 avia-playerstyle-minimal av_player-1  avia-builder-el-21  el_after_av_textblock  avia-builder-el-last  first avia-playlist-custom-font-color avia-playlist-custom-background-color avia-playlist-hide-cover\"><div class=\"av-player-player-container\"><!--[if lt IE 9]><script>document.createElement('audio');<\/script><![endif]-->\n\t<div class=\"wp-playlist wp-audio-playlist wp-playlist-light\">\n\t\t\t<div class=\"wp-playlist-current-item\"><\/div>\n\t\t<audio controls=\"controls\" preload=\"none\" width=\"1478\"\n\t\t\t><\/audio>\n\t<div class=\"wp-playlist-next\"><\/div>\n\t<div class=\"wp-playlist-prev\"><\/div>\n\t<noscript>\n\t<ol>\n\t\t<li><a href='https:\/\/www.mezzoforte.fr\/wp-content\/uploads\/2019\/12\/04-The-Mind-Of-Craig-A.mp3'>The Mind Of Craig A.<\/a><\/li><li><a href='https:\/\/www.mezzoforte.fr\/wp-content\/uploads\/2020\/01\/Midday-Express.mp3'>Midday Express<\/a><\/li><li><a href='https:\/\/www.mezzoforte.fr\/wp-content\/uploads\/2019\/12\/Homo-Baleinus.mp3'>Homo Baleinus<\/a><\/li><li><a href='https:\/\/www.mezzoforte.fr\/wp-content\/uploads\/2019\/12\/Gift-of-life-pt1.mp3'>Gift of life pt1<\/a><\/li><li><a href='https:\/\/www.mezzoforte.fr\/wp-content\/uploads\/2019\/12\/Gift-of-life-pt4.mp3'>Gift of life pt4<\/a><\/li>\t<\/ol>\n\t<\/noscript>\n\t<script type=\"application\/json\" class=\"wp-playlist-script\">{\"type\":\"audio\",\"tracklist\":true,\"tracknumbers\":true,\"images\":false,\"artists\":false,\"tracks\":[{\"src\":\"https:\\\/\\\/www.mezzoforte.fr\\\/wp-content\\\/uploads\\\/2019\\\/12\\\/04-The-Mind-Of-Craig-A.mp3\",\"type\":\"audio\\\/mpeg\",\"title\":\"The Mind Of Craig A.\",\"caption\":\"\",\"description\":\"<i>The Mind Of Craig A<\\\/i> tir\\u00e9 de <i>Electro Phone<\\\/i> par Dominique JORGE.\",\"meta\":{\"artist\":\"Dominique JORGE\",\"album\":\"Electro Phone\",\"length_formatted\":\"1:25\"}},{\"src\":\"https:\\\/\\\/www.mezzoforte.fr\\\/wp-content\\\/uploads\\\/2020\\\/01\\\/Midday-Express.mp3\",\"type\":\"audio\\\/mpeg\",\"title\":\"Midday Express\",\"caption\":\"\",\"description\":\"<i>Midday Express<\\\/i> tir\\u00e9 de <i>Electro Land<\\\/i> par Dominique JORGE. Date de sortie\\u00a0: 2010. Piste 3.\",\"meta\":{\"artist\":\"Dominique JORGE\",\"album\":\"Electro Land\",\"year\":\"2010\",\"length_formatted\":\"1:20\"}},{\"src\":\"https:\\\/\\\/www.mezzoforte.fr\\\/wp-content\\\/uploads\\\/2019\\\/12\\\/Homo-Baleinus.mp3\",\"type\":\"audio\\\/mpeg\",\"title\":\"Homo Baleinus\",\"caption\":\"\",\"description\":\"<i>Homo Baleinus<\\\/i> tir\\u00e9 de <i>Electro Land<\\\/i> par Dominique JORGE. Date de sortie\\u00a0: 2010. Piste 5.\",\"meta\":{\"artist\":\"Dominique JORGE\",\"album\":\"Electro Land\",\"year\":\"2010\",\"length_formatted\":\"1:23\"}},{\"src\":\"https:\\\/\\\/www.mezzoforte.fr\\\/wp-content\\\/uploads\\\/2019\\\/12\\\/Gift-of-life-pt1.mp3\",\"type\":\"audio\\\/mpeg\",\"title\":\"Gift of life pt1\",\"caption\":\"\",\"description\":\"<i>Gift of life pt1<\\\/i> tir\\u00e9 de <i>Electro Phone<\\\/i> par Dominique JORGE.\",\"meta\":{\"artist\":\"Dominique JORGE\",\"album\":\"Electro Phone\",\"length_formatted\":\"0:59\"}},{\"src\":\"https:\\\/\\\/www.mezzoforte.fr\\\/wp-content\\\/uploads\\\/2019\\\/12\\\/Gift-of-life-pt4.mp3\",\"type\":\"audio\\\/mpeg\",\"title\":\"Gift of life pt4\",\"caption\":\"\",\"description\":\"<i>Gift of life pt4<\\\/i> tir\\u00e9 de <i>Electro Phone<\\\/i> par Dominique JORGE.\",\"meta\":{\"artist\":\"Dominique JORGE\",\"album\":\"Electro Phone\",\"length_formatted\":\"1:30\"}}]}<\/script>\n<\/div>\n\t<\/div><\/div><\/p><\/div>\n","protected":false},"excerpt":{"rendered":"","protected":false},"author":1,"featured_media":0,"parent":516,"menu_order":2,"comment_status":"closed","ping_status":"closed","template":"","meta":{"footnotes":""},"class_list":["post-598","page","type-page","status-publish","hentry"],"_links":{"self":[{"href":"https:\/\/www.mezzoforte.fr\/index.php\/wp-json\/wp\/v2\/pages\/598","targetHints":{"allow":["GET"]}}],"collection":[{"href":"https:\/\/www.mezzoforte.fr\/index.php\/wp-json\/wp\/v2\/pages"}],"about":[{"href":"https:\/\/www.mezzoforte.fr\/index.php\/wp-json\/wp\/v2\/types\/page"}],"author":[{"embeddable":true,"href":"https:\/\/www.mezzoforte.fr\/index.php\/wp-json\/wp\/v2\/users\/1"}],"replies":[{"embeddable":true,"href":"https:\/\/www.mezzoforte.fr\/index.php\/wp-json\/wp\/v2\/comments?post=598"}],"version-history":[{"count":15,"href":"https:\/\/www.mezzoforte.fr\/index.php\/wp-json\/wp\/v2\/pages\/598\/revisions"}],"predecessor-version":[{"id":1401,"href":"https:\/\/www.mezzoforte.fr\/index.php\/wp-json\/wp\/v2\/pages\/598\/revisions\/1401"}],"up":[{"embeddable":true,"href":"https:\/\/www.mezzoforte.fr\/index.php\/wp-json\/wp\/v2\/pages\/516"}],"wp:attachment":[{"href":"https:\/\/www.mezzoforte.fr\/index.php\/wp-json\/wp\/v2\/media?parent=598"}],"curies":[{"name":"wp","href":"https:\/\/api.w.org\/{rel}","templated":true}]}}