{"id":23,"date":"2015-10-15T15:32:40","date_gmt":"2015-10-15T15:32:40","guid":{"rendered":"http:\/\/wpoffice\/construction\/?page_id=23"},"modified":"2020-01-28T14:09:45","modified_gmt":"2020-01-28T13:09:45","slug":"contact","status":"publish","type":"page","link":"https:\/\/www.mezzoforte.fr\/index.php\/contact\/","title":{"rendered":"Contact"},"content":{"rendered":"\n<style type=\"text\/css\" data-created_by=\"avia_inline_auto\" id=\"style-css-av-wssz-2342f9b91881af50d7bf5e23f58dff98\">\n.flex_column.av-wssz-2342f9b91881af50d7bf5e23f58dff98{\nborder-radius:0px 0px 0px 0px;\npadding:0px 0px 0px 0px;\n}\n<\/style>\n<div  class='flex_column av-wssz-2342f9b91881af50d7bf5e23f58dff98 av_one_full  avia-builder-el-0  avia-builder-el-no-sibling  first flex_column_div av-animated-generic bottom-to-top av-zero-column-padding  '     ><p>\n<style type=\"text\/css\" data-created_by=\"avia_inline_auto\" id=\"style-css-av-av_heading-1f6d3e6aa3603ccb7737c39bf4d24224\">\n#top .av-special-heading.av-av_heading-1f6d3e6aa3603ccb7737c39bf4d24224{\npadding-bottom:0;\n}\nbody .av-special-heading.av-av_heading-1f6d3e6aa3603ccb7737c39bf4d24224 .av-special-heading-tag .heading-char{\nfont-size:25px;\n}\n.av-special-heading.av-av_heading-1f6d3e6aa3603ccb7737c39bf4d24224 .av-subheading{\nfont-size:15px;\n}\n<\/style>\n<div  class='av-special-heading av-av_heading-1f6d3e6aa3603ccb7737c39bf4d24224 av-special-heading-h2 blockquote modern-quote  avia-builder-el-1  el_before_av_hr  avia-builder-el-first '><h2 class='av-special-heading-tag '  itemprop=\"headline\"  >Pour nous joindre au plus vite<\/h2><div class=\"special-heading-border\"><div class=\"special-heading-inner-border\"><\/div><\/div><\/div><br \/>\n\n<style type=\"text\/css\" data-created_by=\"avia_inline_auto\" id=\"style-css-av-7xher-b019e31eb8550bce3d035001427b0c0c\">\n#top .hr.av-7xher-b019e31eb8550bce3d035001427b0c0c{\nmargin-top:10px;\nmargin-bottom:10px;\n}\n.hr.av-7xher-b019e31eb8550bce3d035001427b0c0c .hr-inner{\nwidth:50px;\nborder-color:#efbb20;\n}\n<\/style>\n<div  class='hr av-7xher-b019e31eb8550bce3d035001427b0c0c hr-custom  avia-builder-el-2  el_after_av_heading  el_before_av_textblock  hr-left hr-icon-no'><span class='hr-inner inner-border-av-border-fat'><span class=\"hr-inner-style\"><\/span><\/span><\/div><br \/>\n<section  class='av_textblock_section av-130ez-b16cf471c89855f04cb9dbce1650f70e '   itemscope=\"itemscope\" itemtype=\"https:\/\/schema.org\/CreativeWork\" ><div class='avia_textblock'  itemprop=\"text\" ><p><strong>Par t\u00e9l\u00e9phone<\/strong><br \/>\n07.83.13.25.49<\/p>\n<\/div><\/section><br \/>\n<section  class='av_textblock_section av-130ez-b16cf471c89855f04cb9dbce1650f70e '   itemscope=\"itemscope\" itemtype=\"https:\/\/schema.org\/CreativeWork\" ><div class='avia_textblock'  itemprop=\"text\" ><p><strong>Par mail<\/strong><br \/>\ncontact@mezzoforte.fr<\/p>\n<\/div><\/section><br \/>\n\n<style type=\"text\/css\" data-created_by=\"avia_inline_auto\" id=\"style-css-av-k5xwa2bx-43f2f879474a8a9309a6133127023b02\">\n#top .av-special-heading.av-k5xwa2bx-43f2f879474a8a9309a6133127023b02{\npadding-bottom:0;\n}\nbody .av-special-heading.av-k5xwa2bx-43f2f879474a8a9309a6133127023b02 .av-special-heading-tag .heading-char{\nfont-size:25px;\n}\n.av-special-heading.av-k5xwa2bx-43f2f879474a8a9309a6133127023b02 .av-subheading{\nfont-size:15px;\n}\n<\/style>\n<div  class='av-special-heading av-k5xwa2bx-43f2f879474a8a9309a6133127023b02 av-special-heading-h2 blockquote modern-quote  avia-builder-el-5  el_after_av_textblock  el_before_av_hr '><h2 class='av-special-heading-tag '  itemprop=\"headline\"  >Important<\/h2><div class=\"special-heading-border\"><div class=\"special-heading-inner-border\"><\/div><\/div><\/div><br \/>\n\n<style type=\"text\/css\" data-created_by=\"avia_inline_auto\" id=\"style-css-av-7xher-b019e31eb8550bce3d035001427b0c0c\">\n#top .hr.av-7xher-b019e31eb8550bce3d035001427b0c0c{\nmargin-top:10px;\nmargin-bottom:10px;\n}\n.hr.av-7xher-b019e31eb8550bce3d035001427b0c0c .hr-inner{\nwidth:50px;\nborder-color:#efbb20;\n}\n<\/style>\n<div  class='hr av-7xher-b019e31eb8550bce3d035001427b0c0c hr-custom  avia-builder-el-6  el_after_av_heading  el_before_av_textblock  hr-left hr-icon-no'><span class='hr-inner inner-border-av-border-fat'><span class=\"hr-inner-style\"><\/span><\/span><\/div><br \/>\n<section  class='av_textblock_section av-130ez-b16cf471c89855f04cb9dbce1650f70e '   itemscope=\"itemscope\" itemtype=\"https:\/\/schema.org\/CreativeWork\" ><div class='avia_textblock'  itemprop=\"text\" ><p>Dans vos demandes de renseignements (mail ou message), merci d&rsquo;indiquer :<\/p>\n<ul>\n<li>si vous \u00eates <strong>une entreprise ou une collectivit\u00e9<\/strong><\/li>\n<li>ainsi que vos nom\/pr\u00e9nom et un contact t\u00e9l\u00e9phonique<\/li>\n<\/ul>\n<\/div><\/section><br \/>\n\n<style type=\"text\/css\" data-created_by=\"avia_inline_auto\" id=\"style-css-av-av_heading-1baa6ed836690f9bede5746ae2ff4b5d\">\n#top .av-special-heading.av-av_heading-1baa6ed836690f9bede5746ae2ff4b5d{\npadding-bottom:0;\n}\nbody .av-special-heading.av-av_heading-1baa6ed836690f9bede5746ae2ff4b5d .av-special-heading-tag .heading-char{\nfont-size:25px;\n}\n.av-special-heading.av-av_heading-1baa6ed836690f9bede5746ae2ff4b5d .av-subheading{\nfont-size:15px;\n}\n<\/style>\n<div  class='av-special-heading av-av_heading-1baa6ed836690f9bede5746ae2ff4b5d av-special-heading-h2 blockquote modern-quote  avia-builder-el-8  el_after_av_textblock  el_before_av_hr '><h2 class='av-special-heading-tag '  itemprop=\"headline\"  >Pour m\u00e9moire<\/h2><div class=\"special-heading-border\"><div class=\"special-heading-inner-border\"><\/div><\/div><\/div><br \/>\n\n<style type=\"text\/css\" data-created_by=\"avia_inline_auto\" id=\"style-css-av-2ozgb-14f118d76061932d3cec983cd3f69372\">\n#top .hr.av-2ozgb-14f118d76061932d3cec983cd3f69372{\nmargin-top:10px;\nmargin-bottom:10px;\n}\n.hr.av-2ozgb-14f118d76061932d3cec983cd3f69372 .hr-inner{\nwidth:50px;\nborder-color:#efbb20;\n}\n<\/style>\n<div  class='hr av-2ozgb-14f118d76061932d3cec983cd3f69372 hr-custom  avia-builder-el-9  el_after_av_heading  el_before_av_textblock  hr-left hr-icon-no'><span class='hr-inner inner-border-av-border-fat'><span class=\"hr-inner-style\"><\/span><\/span><\/div><br \/>\n<section  class='av_textblock_section av-1yccj-4eba0721946eb3bab1463fe5f9408dd5 '   itemscope=\"itemscope\" itemtype=\"https:\/\/schema.org\/CreativeWork\" ><div class='avia_textblock'  itemprop=\"text\" ><p><strong>Nous nous d\u00e9pla\u00e7ons \u00ab\u00a0toute France\u00a0\u00bb.<\/strong><\/p>\n<\/div><\/section><\/p><\/div>\n","protected":false},"excerpt":{"rendered":"","protected":false},"author":1,"featured_media":0,"parent":0,"menu_order":0,"comment_status":"closed","ping_status":"closed","template":"","meta":{"footnotes":""},"class_list":["post-23","page","type-page","status-publish","hentry"],"_links":{"self":[{"href":"https:\/\/www.mezzoforte.fr\/index.php\/wp-json\/wp\/v2\/pages\/23","targetHints":{"allow":["GET"]}}],"collection":[{"href":"https:\/\/www.mezzoforte.fr\/index.php\/wp-json\/wp\/v2\/pages"}],"about":[{"href":"https:\/\/www.mezzoforte.fr\/index.php\/wp-json\/wp\/v2\/types\/page"}],"author":[{"embeddable":true,"href":"https:\/\/www.mezzoforte.fr\/index.php\/wp-json\/wp\/v2\/users\/1"}],"replies":[{"embeddable":true,"href":"https:\/\/www.mezzoforte.fr\/index.php\/wp-json\/wp\/v2\/comments?post=23"}],"version-history":[{"count":26,"href":"https:\/\/www.mezzoforte.fr\/index.php\/wp-json\/wp\/v2\/pages\/23\/revisions"}],"predecessor-version":[{"id":1505,"href":"https:\/\/www.mezzoforte.fr\/index.php\/wp-json\/wp\/v2\/pages\/23\/revisions\/1505"}],"wp:attachment":[{"href":"https:\/\/www.mezzoforte.fr\/index.php\/wp-json\/wp\/v2\/media?parent=23"}],"curies":[{"name":"wp","href":"https:\/\/api.w.org\/{rel}","templated":true}]}}